*m + 3. Suppose -2*f = -m*f + g. What is the highest common factor of f and 35?
7
Let o(m) = -m**3 - 9*m**2 + 9*m - 6. Let b be o(-10). Suppose w - b*w = -870. Calculate the highest common factor of 29 and w.
29
Let o(n) = 21*n + 3. Let s be o(2). What is the highest common divisor of 18 and s?
9
Suppose -1786 = -3*b - 166. Suppose -2*g + b = 3*g. What is the highest common divisor of 12 and g?
12
Suppose -91 = -l + 4*o, -4*l + o + 355 = -39. Suppose 4*x - 2*u = u + 93, 5*x = -2*u + l. Calculate the greatest common factor of x and 14.
7
Suppose -132 = -40*c + 38*c. Calculate the greatest common factor of c and 22.
22
Let v be (-9)/(-3)*32/6. What is the greatest common factor of 4 and v?
4
Suppose -r = -4*s + 146, 5*s - 2*s + 4*r - 100 = 0. What is the greatest common divisor of 4 and s?
4
Let d = -10 - -15. Suppose -d*v + 5*q + 100 = 0, -56 = -3*v - 3*q + 5*q. Calculate the highest common factor of v and 16.
16
Suppose 5*x - 320 = -0*x. Calculate the highest common factor of x and 8.
8
Let a(w) = 4*w**2 + 2*w - 4. Let g be a(-4). Let m(s) = -13*s**3 + s + 1. Let p be m(-1). Calculate the highest common factor of p and g.
13
Suppose -20 = -5*g + 25. Let q = 15 - g. Suppose -f + 4*f + u = 30, -q = -f + u. Calculate the highest common factor of f and 27.
9
Suppose 2*n - 1 = 1. Let f be 3 + 2 + (-2)/n. Calculate the greatest common factor of f and 21.
3
Suppose -2*x + 21 = 5*l, 5*x - 21 = -4*l + 6. Suppose 60 = -h + l*h - 4*c, -h - c = -27. What is the highest common divisor of 224 and h?
28
Suppose 3*y = 2*y - 2, -2*y - 59 = -o. What is the greatest common divisor of 22 and o?
11
Let n = -2 + 6. Suppose -b = n*b - 20. Let j be ((-2)/(-6))/(b/24). Calculate the highest common factor of j and 5.
1
Suppose 3 + 5 = 2*s - 2*j, -4*s - 4*j = 0. Suppose 4*y = s*y + 48. What is the greatest common divisor of 96 and y?
24
Suppose 0*p = 3*p. Suppose -o - 224 = -5*w + o, p = -4*w + 4*o + 184. Calculate the greatest common divisor of w and 22.
22
Suppose -4*n = -4*y + 60, -y - 4*n + 0 = 5. What is the greatest common divisor of 44 and y?
11
Let p be (602/(-7))/((-3)/3). Calculate the highest common divisor of p and 43.
43
Let i = -116 + 166. Suppose -174 = -4*y + i. Calculate the highest common divisor of y and 7.
7
Suppose 5*c + 128 = 3*i + c, 5*c = 3*i - 133. Let t(y) = y**2 - 4*y + 4. Let w be t(4). Calculate the highest common factor of i and w.
4
Let l(w) = 2*w - 4*w + 3 - 4*w. Let t(v) = -v - 4. Let x be t(3). Let s be l(x). Calculate the highest common divisor of s and 9.
9
Let w(v) = -15*v**3 - 3*v**2 - 2*v - 2. Let u be w(-2). Calculate the greatest common factor of 44 and u.
22
Let b(q) = -3*q - 3. Let l be b(-7). Calculate the highest common divisor of 36 and l.
18
Suppose 6*b = 7*b - 7. Let r be (2/4)/((-2)/(-28)). What is the greatest common divisor of b and r?
7
Let u be (-2 + 66)*(-8)/(-16). Suppose 2*p + 9 = 169. Calculate the highest common factor of u and p.
16
Let a = -149 - -179. What is the highest common factor of 10 and a?
10
Let i(h) = 10*h - 10. Let w be i(8). Calculate the greatest common factor of w and 40.
10
Let z be (8 - 12 - -5)*28. Suppose -3*v - 2*v + 20 = 0. What is the highest common divisor of v and z?
4
Let x(n) = n + 8. Let r be x(9). Calculate the greatest common divisor of 85 and r.
17
Suppose -1 - 209 = -10*g. Calculate the greatest common divisor of 28 and g.
7
Let t = -1 - -1. Let k(j) = j**2 + 15. Let u be k(t). What is the highest common divisor of u and 30?
15
Suppose -21*n + 14*n = -1148. What is the greatest common divisor of 41 and n?
41
Let l(r) = r**2 - 7. Let z be l(10). Suppose -387 = -5*b + z. Let q(t) = 4*t**2 - t - 2. Let p be q(2). What is the greatest common divisor of b and p?
12
Let w be 9/6*4 - 3. Suppose w*h = 3*y + 576, -h + 2*y = 4*y - 204. Calculate the highest common factor of h and 28.
28
Suppose 5*q - 352 = 593. What is the highest common divisor of 21 and q?
21
Suppose -3*f + 0*f + 36 = 0. Let g = 19 + -13. Calculate the greatest common divisor of f and g.
6
Let y = -7 + 73. Let q be 20 + (-3 + 2 - -3). What is the highest common divisor of y and q?
22
Suppose 0*m - 552 = -12*m. Calculate the highest common factor of 368 and m.
46
Let v be -2 + 3/((-3)/(-4)). Let h be (-12)/9*(0 + -9). Suppose -k + 18 = -3*r - r, 0 = 3*r + h. What is the greatest common divisor of v and k?
2
Let l(b) = b - 9. Let r be l(-7). Let v be 4/(-8)*r - 0. What is the greatest common factor of 20 and v?
4
Let q = 2 - 3. Let z(w) = 0*w - 11*w + w - 1. Let a be z(q). Calculate the highest common divisor of 1 and a.
1
Let c(l) = -l + 7. Let r be c(-2). Calculate the highest common divisor of 99 and r.
9
Let u(k) = 3*k - 3. Let y be u(2). Suppose y*v - 46 = -7. Suppose -x + 37 = 4*s - 18, -4*s = 3*x - 61. What is the highest common divisor of s and v?
13
Let w be (-8)/2 - -25 - 3. Let m(t) = -t**2 + 7*t - 3. Let i be m(6). Calculate the highest common divisor of i and w.
3
Suppose 0 = -10*p + 5*p + 1240. What is the greatest common factor of p and 31?
31
Suppose 0 = 4*y - h - 53, -3*y - 3*h + 7*h + 30 = 0. Let a(r) = -18*r - 8. Let x be a(-9). What is the greatest common divisor of x and y?
14
Let y be ((-3)/(-6))/(1/(-8)). Let r be y/18 - (-114)/27. Let w(d) = -d + 2. Let x be w(-2). What is the highest common divisor of x and r?
4
Let l be (-28)/(-8) - (-3)/(-6). Let w be (-1)/l + (-759)/(-9). What is the highest common factor of w and 12?
12
Suppose 0 = -2*w - 2*w + 128. Let b = 5 + -1. Calculate the greatest common factor of w and b.
4
Suppose 0 = 3*m - 0*m - 3*d - 9, -4*m - 3*d = -12. Let p = 14 - m. What is the greatest common divisor of p and 1?
1
Let t(b) = b**3 - 6*b**2 + 4*b - 2. Let r be t(5). Let w = 21 - r. Let k = -13 - -55. What is the greatest common factor of w and k?
14
Suppose 0 = -2*g - 0 + 4. Let m(z) = -1 - 6*z**2 + g - z**3 - 6*z + 0. Let p be m(-5). What is the highest common divisor of 66 and p?
6
Let t be (3 - 0)/(-3) - 138. Let s = -99 - t. Calculate the highest common factor of 20 and s.
20
Suppose 980 = -4*r + 5*u, 0 = -2*r + 4*u - 207 - 289. Let s be -2*1*r/32. What is the greatest common factor of s and 30?
15
Let v be 1*22 - (-10 - -12). Calculate the greatest common factor of 2 and v.
2
Let p = 3 - -7. What is the highest common divisor of 20 and p?
10
Let o = 119 + -99. Calculate the highest common divisor of 50 and o.
10
Let n be (-2 - (-24)/9)*3. Suppose -7*c = -n*c - 5. Let s be 7*(-1 + 8/c). Calculate the highest common factor of s and 7.
7
Let o = -2 - -2. Suppose 3*d - 51 = -o*d. Calculate the greatest common divisor of d and 85.
17
Let p(q) = -q - 10. Let n be p(-12). Suppose 4*z = o + 165, n*o + 0*o = -z + 48. Suppose 0 = -4*l + 86 + z. What is the greatest common divisor of 48 and l?
16
Suppose 4*o - 27 = 5*v, 4*o + 0*v - 34 = -2*v. Calculate the highest common factor of 64 and o.
8
Suppose -5*k + 76 = 3*w, -k + 2*w + 40 = k. Suppose -5*m + 2 = -h - 6, -4*h = -5*m + k. Calculate the greatest common divisor of m and 1.
1
Let k(a) = 2*a + 5. Let s be k(-5). Let w = s - -9. Suppose -3*c + 13*c = 20. Calculate the highest common divisor of w and c.
2
Let q(g) = 2*g**2 - 10*g + 12. Let n be q(6). Calculate the greatest common divisor of 60 and n.
12
Let y(j) = -73*j**3 - j**2 + j + 1. Let k be y(-1). Calculate the greatest common factor of 18 and k.
18
Suppose -3 = f - 4*f. Let o be f*(25 - (4 + -1)). Let m be (-12 + (2 - 1))*-1. What is the greatest common factor of o and m?
11
Suppose 4 + 0 = f. Suppose u - 130 = f*j, 3*j - 29 + 264 = 2*u. Let p = 17 + -7. Calculate the greatest common divisor of p and u.
10
Let n(r) be the third derivative of -r**5/60 - 11*r**4/24 + 8*r**3/3 + 3*r**2. Let y be n(-12). Calculate the greatest common factor of 28 and y.
4
Let f(b) be the third derivative of -b**5/60 + 5*b**4/24 - 2*b**2. Let n be f(4). Suppose n*z = 3*z + 64. Calculate the greatest common divisor of z and 8.
8
Let o be 0 - -22*3/6. Calculate the greatest common factor of 22 and o.
11
Let w be (4/3)/((-1)/3). Let j(q) = 3*q**2 + 3*q. Let o be j(w). Suppose -5*l + 45 = 5*v, 5*v - 60 + 15 = 3*l. Calculate the greatest common divisor of o and v.
9
Suppose -495 = r - 6*r. Calculate the greatest common factor of 66 and r.
33
Let z(b) = 4*b**2 + 6*b - 4. Let h be z(5). Let i be (2/5)/